?
False
Is 774901277 composite?
False
Is 1264465793 composite?
True
Is 4262264141 prime?
False
Is 1703040697 composite?
False
Is 67667927 prime?
True
Is 100283041151 prime?
False
Is 518495683 prime?
True
Is 456013567 a prime number?
False
Is 445244861 a composite number?
False
Is 17447583893 composite?
True
Is 1360726813 a prime number?
False
Is 3017788129 a composite number?
False
Is 860173319 composite?
False
Is 1438591981 a prime number?
True
Is 743204141 a composite number?
True
Is 232666488491 a prime number?
False
Is 2945667563 a prime number?
True
Is 52093763677 a composite number?
False
Is 59944111223 prime?
True
Is 44136838337 a prime number?
False
Is 1300558981 composite?
False
Is 10261200083 a prime number?
True
Is 23116393367 a prime number?
True
Is 31151491123 a composite number?
False
Is 37714730519 a composite number?
True
Is 1716605347 a composite number?
True
Is 634317713 composite?
True
Is 540753353 a composite number?
True
Is 2867653923 a composite number?
True
Is 22879727677 a composite number?
False
Is 6802080869 a prime number?
False
Is 13258919717 a composite number?
True
Is 107950340263 prime?
True
Is 520602553 a composite number?
False
Is 55786607 composite?
False
Is 1156604587 a composite number?
True
Is 3663866751 composite?
True
Is 790905251 a prime number?
True
Is 484878469 composite?
False
Is 631822387 a composite number?
True
Is 56957567921 a prime number?
True
Is 159124817 prime?
False
Is 54980987521 prime?
True
Is 1256720074 prime?
False
Is 7790772937 a composite number?
True
Is 7425096691 a composite number?
False
Is 7056935329 prime?
True
Is 25988189963 prime?
True
Is 669225553 a composite number?
True
Is 2463129197 composite?
True
Is 94775023951 prime?
False
Is 1005893381 prime?
True
Is 46413529937 prime?
False
Is 1017526249 prime?
False
Is 107631145211 composite?
False
Is 537938311 a prime number?
True
Is 282153593 composite?
False
Is 2152182559 prime?
True
Is 91480311467 composite?
False
Is 1777584647 composite?
True
Is 1777350791 a composite number?
False
Is 272680829 composite?
False
Is 117814851191 a prime number?
False
Is 30155388793 prime?
True
Is 3087701459 a composite number?
False
Is 50770193 a prime number?
False
Is 109588943 a prime number?
True
Is 79054669 a prime number?
True
Is 1997363527 a prime number?
False
Is 402679115 prime?
False
Is 5203865881 a composite number?
False
Is 33831756121 a composite number?
True
Is 5564971303 prime?
False
Is 11771360105 a prime number?
False
Is 371852549 a composite number?
True
Is 658100257 a composite number?
True
Is 205502483 composite?
False
Is 1928680979 composite?
False
Is 19472855 prime?
False
Is 108430529833 composite?
True
Is 45878260997 composite?
True
Is 3993078373 a composite number?
True
Is 279075505 a prime number?
False
Is 1275825973 composite?
True
Is 2821494857 composite?
True
Is 162920347657 a prime number?
False
Is 93604727 a composite number?
False
Is 3130495369 a prime number?
False
Is 8139858641 a prime number?
True
Is 8713702333 a prime number?
False
Is 18914267635 a prime number?
False
Is 905567137 a composite number?
True
Is 19937713 composite?
True
Is 9489227551 prime?
False
Is 1124052691 a prime number?
True
Is 6863231267 a prime number?
False
Is 76244421079 a composite number?
True
Is 44893322861 a composite number?
False
Is 1660950593 a composite number?
False
Is 976036651 a composite number?
False
Is 49700999707 a prime number?
False
Is 3031375013 a composite number?
False
Is 986104517 composite?
True
Is 1726466009 prime?
True
Is 58187159 a prime number?
False
Is 16695384143 a prime number?
False
Is 458681179 a composite number?
True
Is 40368245693 a composite number?
True
Is 170463493 prime?
False
Is 9481670257 composite?
False
Is 3864229361 prime?
True
Is 58311611 prime?
True
Is 377033983 a composite number?
False
Is 4941527693 a composite number?
False
Is 96263041037 composite?
True
Is 1261912942 prime?
False
Is 2910860077 prime?
False
Is 14443221389 a composite number?
False
Is 342790639 prime?
True
Is 203242033 prime?
False
Is 2455107979 a composite number?
False
Is 209113787021 composite?
True
Is 961219921 composite?
False
Is 657721159 composite?
False
Is 3219893989 a prime number?
False
Is 1625057339 prime?
True
Is 168328839787 a prime number?
False
Is 7369176449 composite?
False
Is 5053444349 prime?
False
Is 264477007 composite?
True
Is 18864891454 a prime number?
False
Is 4957906337 composite?
False
Is 2150960423 a composite number?
False
Is 259242967 prime?
True
Is 437317703 prime?
False
Is 49043613739 prime?
True
Is 37893285487 composite?
True
Is 19116239 prime?
False
Is 1210417777 a prime number?
True
Is 361629557 a composite number?
True
Is 3614009134 prime?
False
Is 29826443 prime?
False
Is 4809387097 a composite number?
False
Is 820150469 composite?
False
Is 2036522591 prime?
True
Is 31396171279 prime?
False
Is 55731784151 prime?
True
Is 2538458927 composite?
False
Is 1429235383 composite?
True
Is 643365467 a composite number?
False
Is 44240807467 a prime number?
False
Is 1092688647 composite?
True
Is 104889878999 composite?
False
Is 20895650837 a composite number?
False
Is 103693281437 a prime number?
False
Is 1156667077 a prime number?
True
Is 658194913 a composite number?
False
Is 53324671583 a composite number?
False
Is 9461730779 prime?
True
Is 1604510123 a prime number?
False
Is 4636229887 a composite number?
True
Is 733389611 a composite number?
False
Is 11762006249 composite?
True
Is 225177697 a prime number?
True
Is 1413371651 prime?
True
Is 1011384883 a composite number?
False
Is 716696231 composite?
True
Is 31615316165 composite?
True
Is 10714487593 prime?
False
Is 28730020981 a prime number?
False
Is 83740888381 a composite number?
False
Is 1824664351 composite?
False
Is 483116339 composite?
False
Is 40829334619 a prime number?
True
Is 12350977663 composite?
False
Is 1035646849 composite?
False
Is 3271340965 a composite number?
True
Is 24068834857 prime?
False
Is 2190085871 prime?
True
Is 8265527461 prime?
True
Is 3092278871 a prime number?
False
Is 2685844103 a prime number?
True
Is 2512512383 a composite number?
True
Is 235959701 a composite number?
False
Is 2722188851 composite?
True
Is 94694516153 a composite number?
True
Is 2371530899 composite?
False
Is 395415857 a prime number?
True
Is 440496317 a composite number?
True
Is 8529053551 prime?
True
Is 3258410887 composite?
True
Is 728456027 prime?
False
Is 709865383 composite?
False
Is 7650347077 a prime number?
False
Is 4627236949 composite?
False
Is 10029723973 composite?
True
Is 7098263609 a composite number?
False
Is 13647821587 composite?
False
Is 986850973 a composite number?
True
Is 6242992457 a prime number?
False
Is 3805148903 composite?
False
Is 142865369 a composite number?
True
Is 11120112203 composite?
False
Is 15133356001 a prime number?
False
Is 338322401 a prime number?
True
Is 3274716017 a composite number?
False
Is 4938691801 a composite number?
True
Is 41761230941 prime?
True
Is 134799469 a composite number?
True
Is 17394229169 prime?
False
Is 376526237 a prime number?
True
Is 3787560839 a composite number?
False
Is 197153779 composite?
True
Is 2381299367 a prime number?
True
Is 1516997393 prime?
True
Is 1353365785 a prime number?
False
Is 154420627 prime?
False
Is 6222879911 composite?
True
Is 41077957 prime?
True
Is 17734096597 a prime number?
False
Is 46091076197 a composite number?
True
Is 1394009483 a prime number?
True
Is 116507267 a prime number?
False
Is 37578076563 a composite number?
True
Is 24009371517 prime?
False
Is 525421811 composite?
True
Is 562888486 composite?
True
Is 46058726446 a composite number?
True
Is 52505119 a prime number?
True
Is 1132682963 a composite number?
False
Is 49553380397 a prime number?
False
Is 32710523491 a composite number?
True
Is 329887801 a composite number?
False
Is 55709371 a prime number?
True
Is 1894314005 composite?
True
Is 21067405357 a prime number?
True
Is 1315006447 prime?
True
Is 3277362941 a composite number?
True
Is 71820167 prime?
True
Is 8623820999 composite?
True
Is 92127017 a prime number?
True
Is 4238288737 a prime number?
True
Is 55994703941 a prime number?
False
Is 7988589043 a composite number?
False
Is 422848451 composite?
False
Is 623327767 a prime number?
Tru